?
4
Suppose 4*w = 90 + 50. What is the units digit of w?
5
Let v(n) be the first derivative of 1 - 3/2*n**2 - 2*n. What is the units digit of v(-3)?
7
Let s = 17 - -21. Suppose -s = 3*c - 107. What is the tens digit of c?
2
Suppose 27*z = 26*z + 56. What is the units digit of z?
6
Suppose 0 = -i - 4, -x = -5*x + 3*i + 132. What is the tens digit of -5 + 6 + x + -1?
3
Suppose x - 2*x + 2 = 0. Let o be (-1)/(-4) - 14/(-8). Suppose 20 = o*h - x. What is the units digit of h?
1
Suppose -s + 38 = -43. What is the tens digit of s?
8
Let g(l) = l**2 + l + 18. Let d be g(0). Suppose 5*u - d = 2*u. What is the units digit of u?
6
Let s = -5 - -8. Let p(x) = x**3 + 6*x**2 - 8*x - 7. Let a be p(-7). Suppose s*d - 6 = a, -4*q + 45 = 2*d - 11. What is the units digit of q?
3
Let z(g) = 2*g**2 + 16*g + 15. Let o(y) = 3*y**2 + 24*y + 22. Let s(u) = -5*o(u) + 7*z(u). Let w be s(-7). What is the units digit of 32/6 + w/(-6)?
5
Let y(k) = k - 3. Let s be y(3). Suppose 5*m = 10 - s. Suppose 3*d = 5*d + 2*f - 6, 3*d - m*f = 24. What is the units digit of d?
6
Suppose -3*o + o = -24. What is the tens digit of o?
1
Let t(r) = -r**2 - 5*r + 8. Let v be t(-6). Let b = v + 0. Suppose -17 = -h + b*g, -2*h + h + 3*g = -22. What is the units digit of h?
7
Suppose 0 = -3*u + u + 8. Suppose l - 5 = 0, 2*x - l = u*l + 11. What is the tens digit of x?
1
Let n be (-4)/(-6) - (-24)/(-9). Let o = -1 - n. What is the units digit of o?
1
Suppose -63 - 555 = -3*a. What is the hundreds digit of a?
2
What is the hundreds digit of (-6952)/(-28) - 4/84*6?
2
Let r = 13 - 8. Suppose x + r*h + 17 = 0, 2*x + 5*h + 29 = 5*x. Suppose x*l - 5*g = 33, -2*g + 51 - 18 = 3*l. What is the tens digit of l?
1
Let u = 372 - 217. What is the tens digit of u?
5
Suppose -y = y - 16. Suppose y = 2*k - 0*k. What is the units digit of 1 - (-2)/1*k?
9
Let o(y) = -13*y + 70. What is the tens digit of o(-10)?
0
Suppose -26 = 2*o - 4*l, 0 = 5*l - 3*l - 8. Let f be o/(15/(-6)) + -7. Let h(j) = -j + 6. What is the units digit of h(f)?
1
Let l(v) = -v + 1. Let k be l(-3). Let f = -1 + k. Suppose 1 = f*p - 5. What is the units digit of p?
2
Suppose 9 = s - 4*s, -5*q - s = -202. Let v = q + -21. What is the units digit of v?
0
Suppose 4*m + 2 = 3*l - 24, 4*m - 5*l + 30 = 0. Let f = m + 6. What is the units digit of f?
1
Let x = -24 + 33. What is the units digit of x?
9
Suppose 2*k - 30 = -3*k. Let n(d) = 7*d**3 + d**2 - 5*d + 2. Let z(m) = 8*m**3 + 2*m**2 - 5*m + 3. Let a(t) = 7*n(t) - 6*z(t). What is the units digit of a(k)?
2
Let r = -74 - -121. What is the units digit of r?
7
Let j(n) = 7*n**3 - 2*n**2 + 1. Let k(r) be the second derivative of -r**3/6 - 3*r**2/2 - r. Let b be k(-4). What is the units digit of j(b)?
6
What is the units digit of ((-91)/26)/((-1)/14)?
9
Suppose 4*p - 2*p = 106. Suppose p = 3*q - 7. What is the units digit of q?
0
Let d(n) = n - 10. Let q be d(9). What is the units digit of q + 3 - (2 + -9)?
9
Suppose 70 = 5*o - 3*q + q, -5*o + 60 = -4*q. Let x = 22 + -12. Let l = o - x. What is the units digit of l?
6
Let t = 30 + 74. Suppose 0 = 4*x + 12 - t. What is the units digit of x?
3
Let k = -10 - -3. Let i = k + 11. Suppose u - 22 = -i*v, 4*v - u + 0*u - 18 = 0. What is the units digit of v?
5
Suppose -2*t + 60 + 198 = 0. What is the units digit of t?
9
Let n(v) = -v**3 - 6*v**2 + 7*v - 7. Let t be n(-7). Let h be 0 + 7/(t/(-10)). Suppose 9*x + 2 = h*x. What is the units digit of x?
2
Suppose 4*i - 27 = i. What is the units digit of i?
9
Suppose 2*d - 2 = 3*w, 2*d - 2 = w + d. Suppose -5*v - 19 + 1 = -m, m - w*v = 12. What is the units digit of m?
8
Let t be 16*(3 + -1 + -1). Suppose 0 = -7*d + 5*d + 64. Let p = d - t. What is the units digit of p?
6
Suppose 4*h - 5*h + 170 = 0. What is the units digit of h?
0
Let z be (1 + -1)/3 + 0. Suppose -5*q - 2*i + 73 = z, -i + 45 + 24 = 5*q. Suppose -b - 4 = -q. What is the units digit of b?
9
What is the units digit of (6/4)/((-20)/(-80))?
6
Let d = 48 - 1. What is the units digit of d?
7
Let w be 37 - 0*(0 - 1). Suppose -4*x - 3*j + 46 = 11, 0 = -4*x - 5*j + w. What is the units digit of x?
8
Let v be (-10)/(-15) + 34/(-6). Let w(n) = n**2 - 3*n - 2. Let r be w(4). Let m = r - v. What is the units digit of m?
7
Let i(v) = -v**3 + 6*v**2 + 8*v - 6. Let h be i(7). Suppose m + h - 3 = 0. What is the units digit of m?
2
Let y(s) = -5*s + 5. What is the units digit of y(-6)?
5
Let b(f) = f**2 + 9*f - 16. Let j be b(-11). Suppose -t = -j*t + 185. What is the tens digit of t?
3
Let v = -3 - 2. Let t = 9 + v. Suppose -t*l = l - 30. What is the units digit of l?
6
Let f(t) = 31*t**3 - 2*t**2 + t. Let k be f(1). Let q = k + -10. Suppose -q = -2*z - 0*z - 2*c, 0 = 3*z - c - 14. What is the units digit of z?
6
Suppose 330 = 2*f + 70. What is the tens digit of f?
3
Suppose 2*y + 3 = 3*y. Let j(z) = 2*z**3 - 4*z**2 + 2*z + 2. What is the units digit of j(y)?
6
Let a(k) = k**2 + 5 + 2*k**2 + 3*k - 2*k + 0*k. What is the tens digit of a(-3)?
2
Let p = -9 + 18. Let r = p - 0. What is the units digit of r?
9
Let a(g) = -9*g + 2 - g**2 - 8 + 5. Let f(z) = 2*z - 1. Let d be f(-2). What is the tens digit of a(d)?
1
Let d = 663 - 447. What is the hundreds digit of d?
2
Let b(d) = -d - 3. Let z be b(-5). What is the units digit of z + 2 + (3 - 0)?
7
Suppose 8 + 8 = 4*t. Let k = t - 4. Suppose k = -a - 3*a + 20. What is the units digit of a?
5
What is the units digit of 18/2 - (-7 - -4)?
2
Let j(m) be the first derivative of m**6/24 + m**5/60 + m**2 + 1. Let c(k) be the second derivative of j(k). What is the units digit of c(1)?
6
Let u = 6 + 8. Suppose 1 = 5*t - u. Suppose 6*i - 60 = t*i. What is the units digit of i?
0
Let d(v) = 24*v - 3*v - 2 + 2. What is the units digit of d(1)?
1
Suppose 0 = -4*o - 2 - 6. Suppose 3 - 7 = 4*j. What is the units digit of j + 6*o/(-4)?
2
Suppose -5*n + s = -864, -n = 8*s - 3*s - 178. What is the units digit of n?
3
Let t(z) = 2*z**2 + z + 1. Let h be t(-1). Let p(w) = -5*w + w**2 + 5 + h*w - 2*w. What is the units digit of p(4)?
1
Suppose -57 = g - 4*g. What is the tens digit of g?
1
Let n = -47 - -81. Let b = n + 6. What is the units digit of b?
0
Let k = 21 - 13. Let z = k - -3. What is the units digit of z?
1
Let w = -5 - 11. Let n = 0 + w. Let k = -5 - n. What is the tens digit of k?
1
What is the units digit of (-5 - -3) + -2 + 94?
0
Let s be ((-3)/(-9))/((-5)/15). Let m(t) = 12*t**2. What is the units digit of m(s)?
2
Suppose 17 - 1 = 4*o. Suppose 0 = -o*s - 0*s - 124. What is the tens digit of s/(-3) + 1/(-3)?
1
Let f = -7 - -272. What is the hundreds digit of f?
2
Let u be 5 + 3/(-4 - -3). What is the tens digit of 0/(u - -1) + 23?
2
Suppose 25 = -3*m - m - 5*c, -5*c = m + 25. Let x be m + 3 - 9/3. Suppose 6*d - d - 29 = 2*j, -2*d + 2*j + 14 = x. What is the units digit of d?
5
Let h(o) be the second derivative of o**4/12 + 3*o. Let v(r) = 7*r**2 - 3*r. Let k(t) = -2*h(t) + v(t). What is the tens digit of k(2)?
1
Let s = -23 - -85. What is the tens digit of s?
6
Suppose -133 = -5*q + 67. What is the tens digit of (-1)/((-82)/q - -2)?
2
Let m = -8 + 18. What is the tens digit of m?
1
Let z = 22 - 19. Suppose z*l = 2*l + 45. What is the tens digit of l?
4
Let i be -1 - 0 - -4 - -152. Suppose 4*z + i = 9*z. What is the units digit of z?
1
Let h be (-44)/6 - (-1)/3. Let n be 0 + (5 - 1 - 7). Let w = n - h. What is the units digit of w?
4
Suppose 0 = 5*z - 269 - 36. What is the units digit of z?
1
Let m(j) be the second derivative of j**6/360 - j**5/20 + j**4/24 - j**3/6 - 2*j. Let l(t) be the second derivative of m(t). What is the units digit of l(6)?
1
Let t(n) = 5*n - 4*n + 2 - 2*n. Let z be t(3). What is the units digit of z/(-2) - (-44)/8?
6
Suppose -4*l - 5*a + 106 = 0, -5*l + 7*a - 3*a = -153. What is the tens digit of l?
2
Let i(l) = -l**2 - 8*l + 11. Let y be i(-9). Suppose -2*f + 3*f - y = 0. Suppose -5*u - 5*r + 10 = 0, -f*r + r = 4*u - 14. What is the units digit of u?
4
Let r be 17/5 + (-6)/15. Suppose -s + 41 = v, s = -r*s - 2*v + 172. What is the units digit of s?
5
Let j(o) = -o + 24. What is the tens digit of j(-7)?
3
Let q(x) = -x**3 - 2*x**2 + x + 4. Let o be q(-3). What is the units digit of 1 + 1 - o/(-5)?
4
Let f(w) = w**3 - 5*w**2 - w + 5. Let j be f(4). What is the units digit of ((-7)/5)/(3/j)?
7
Sup